{"id":92,"date":"2021-04-23T12:55:42","date_gmt":"2021-04-23T10:55:42","guid":{"rendered":"http:\/\/nowa.tde.com.pl\/?page_id=92"},"modified":"2022-02-15T14:53:01","modified_gmt":"2022-02-15T13:53:01","slug":"kontakt-2","status":"publish","type":"page","link":"https:\/\/tde.com.pl\/index.php\/kontakt-2\/","title":{"rendered":"Kontakt"},"content":{"rendered":"\n<div class=\"wp-block-columns is-layout-flex wp-container-core-columns-is-layout-9d6595d7 wp-block-columns-is-layout-flex\">\n<div class=\"wp-block-column is-layout-flow wp-block-column-is-layout-flow\" style=\"flex-basis:66.66%\">\n<p class=\"has-black-color has-text-color\"><strong>TDE Technika dla Energetyki Sp. z o.o.<\/strong><br><strong>ul. Podskarbi\u0144ska 21a\/1<\/strong><br><strong>03-829 Warszawa<\/strong><\/p>\n\n\n\n<p class=\"has-black-color has-text-color\"><br>NIP 113-301-59-46<br>REGON 386349479<br>KRS 0000846359<\/p>\n\n\n\n<p class=\"has-black-color has-text-color\"><a href=\"tel:+48518390232%C2%A0\">+48 518 390 232&nbsp;<\/a><br><a href=\"mailto:info@tde.com.pl\">info@tde.com.pl<\/a><\/p>\n\n\n\n<p class=\"has-black-color has-text-color\"><strong>Dzia\u0142 ksi\u0119gowo\u015bci<\/strong><br><a href=\"http:\/\/tel.:+48 518 390 181\">+48 518 390 181<\/a><br><a href=\"mailto:faktury@tde.com.pl\">faktury@tde.com.pl<\/a><\/p>\n<\/div>\n\n\n\n<div class=\"wp-block-column is-layout-flow wp-block-column-is-layout-flow\" style=\"flex-basis:70%\">\n<iframe src=\"https:\/\/www.google.com\/maps\/embed?pb=!1m18!1m12!1m3!1d2442.474832421435!2d21.07112791579754!3d52.25292197976458!2m3!1f0!2f0!3f0!3m2!1i1024!2i768!4f13.1!3m3!1m2!1s0x471ecdc924330cad%3A0x58cdea98961949d6!2sPodskarbi%C5%84ska%2021a%2C%2003-829%20Warszawa!5e0!3m2!1spl!2spl!4v1644931284403!5m2!1spl!2spl\" width=\"500\" height=\"500\" style=\"border:0;\" allowfullscreen=\"\" loading=\"lazy\"><\/iframe>\n<\/div>\n<\/div>\n","protected":false},"excerpt":{"rendered":"<p>TDE Technika dla Energetyki Sp. z o.o.ul. Podskarbi\u0144ska 21a\/103-829 Warszawa NIP 113-301-59-46REGON 386349479KRS 0000846359 +48 518 390 232&nbsp;info@tde.com.pl Dzia\u0142 ksi\u0119gowo\u015bci+48 518 390 181faktury@tde.com.pl<\/p>\n","protected":false},"author":1,"featured_media":0,"parent":0,"menu_order":0,"comment_status":"closed","ping_status":"closed","template":"","meta":{"kt_blocks_editor_width":"","footnotes":""},"class_list":["post-92","page","type-page","status-publish","hentry"],"kb_featured_image_src_large":false,"kb_author_info":{"display_name":"admin","author_link":"https:\/\/tde.com.pl\/index.php\/author\/admin\/","author_image":"https:\/\/secure.gravatar.com\/avatar\/c2bb1602f4acb705b74cf283c8cee6a567e17e58332e0609f3b6b6401b0fdd8e?s=96&d=mm&r=g"},"kb_comment_info":0,"_links":{"self":[{"href":"https:\/\/tde.com.pl\/index.php\/wp-json\/wp\/v2\/pages\/92","targetHints":{"allow":["GET"]}}],"collection":[{"href":"https:\/\/tde.com.pl\/index.php\/wp-json\/wp\/v2\/pages"}],"about":[{"href":"https:\/\/tde.com.pl\/index.php\/wp-json\/wp\/v2\/types\/page"}],"author":[{"embeddable":true,"href":"https:\/\/tde.com.pl\/index.php\/wp-json\/wp\/v2\/users\/1"}],"replies":[{"embeddable":true,"href":"https:\/\/tde.com.pl\/index.php\/wp-json\/wp\/v2\/comments?post=92"}],"version-history":[{"count":8,"href":"https:\/\/tde.com.pl\/index.php\/wp-json\/wp\/v2\/pages\/92\/revisions"}],"predecessor-version":[{"id":141,"href":"https:\/\/tde.com.pl\/index.php\/wp-json\/wp\/v2\/pages\/92\/revisions\/141"}],"wp:attachment":[{"href":"https:\/\/tde.com.pl\/index.php\/wp-json\/wp\/v2\/media?parent=92"}],"curies":[{"name":"wp","href":"https:\/\/api.w.org\/{rel}","templated":true}]}}